194.
193
Calculate the remainder when 5112 is divided by 17.
12
Calculate the remainder when 506 is divided by 106.
82
What is the remainder when 507 is divided by 64?
59
Calculate the remainder when 278 is divided by 90.
8
What is the remainder when 319 is divided by 22?
11
What is the remainder when 273 is divided by 97?
79
Calculate the remainder when 112 is divided by 9.
4
Calculate the remainder when 766 is divided by 16.
14
Calculate the remainder when 937 is divided by 137.
115
What is the remainder when 750 is divided by 218?
96
What is the remainder when 3300 is divided by 56?
52
Calculate the remainder when 55 is divided by 37.
18
What is the remainder when 298 is divided by 148?
2
Calculate the remainder when 4910 is divided by 1220.
30
Calculate the remainder when 538 is divided by 27.
25
What is the remainder when 3811 is divided by 542?
17
What is the remainder when 172 is divided by 7?
4
Calculate the remainder when 52 is divided by 52.
0
What is the remainder when 48 is divided by 30?
18
What is the remainder when 330 is divided by 48?
42
What is the remainder when 1215 is divided by 14?
11
Calculate the remainder when 669 is divided by 8.
5
What is the remainder when 1101 is divided by 24?
21
What is the remainder when 142 is divided by 5?
2
What is the remainder when 35 is divided by 9?
8
Calculate the remainder when 1391 is divided by 417.
140
What is the remainder when 289 is divided by 224?
65
What is the remainder when 85 is divided by 68?
17
Calculate the remainder when 302 is divided by 101.
100
What is the remainder when 59 is divided by 23?
13
What is the remainder when 9850 is divided by 27?
22
What is the remainder when 10360 is divided by 305?
295
Calculate the remainder when 1214 is divided by 62.
36
Calculate the remainder when 653 is divided by 216.
5
Calculate the remainder when 3221 is divided by 26.
23
Calculate the remainder when 56 is divided by 31.
25
Calculate the remainder when 1307 is divided by 82.
77
What is the remainder when 3875 is divided by 51?
50
What is the remainder when 4559 is divided by 190?
189
What is the remainder when 164 is divided by 55?
54
What is the remainder when 919 is divided by 28?
23
What is the remainder when 196 is divided by 109?
87
What is the remainder when 154 is divided by 19?
2
Calculate the remainder when 667 is divided by 114.
97
Calculate the remainder when 10125 is divided by 16.
13
Calculate the remainder when 5230 is divided by 109.
107
What is the remainder when 455 is divided by 7?
0
Calculate the remainder when 236 is divided by 15.
11
Calculate the remainder when 1538 is divided by 57.
56
Calculate the remainder when 101 is divided by 96.
5
Calculate the remainder when 86 is divided by 42.
2
What is the remainder when 60 is divided by 19?
3
Calculate the remainder when 113 is divided by 18.
5
What is the remainder when 129 is divided by 11?
8
What is the remainder when 506 is divided by 81?
20
Calculate the remainder when 217 is divided by 180.
37
Calculate the remainder when 51 is divided by 29.
22
What is the remainder when 65 is divided by 9?
2
Calculate the remainder when 854 is divided by 303.
248
What is the remainder when 649 is divided by 65?
64
What is the remainder when 63 is divided by 44?
19
Calculate the remainder when 823 is divided by 37.
9
Calculate the remainder when 68 is divided by 5.
3
What is the remainder when 257 is divided by 31?
9
What is the remainder when 5915 is divided by 20?
15
What is the remainder when 1347 is divided by 2?
1
What is the remainder when 62 is divided by 14?
6
What is the remainder when 11035 is divided by 138?
133
What is the remainder when 1108 is divided by 135?
28
Calculate the remainder when 394 is divided by 12.
10
Calculate the remainder when 1681 is divided by 558.
7
Calculate the remainder when 168 is divided by 19.
16
What is the remainder when 93 is divided by 66?
27
What is the remainder when 555 is divided by 18?
15
What is the remainder when 83 is divided by 48?
35
What is the remainder when 73 is divided by 30?
13
What is the remainder when 599 is divided by 55?
49
What is the remainder when 1263 is divided by 315?
3
What is the remainder when 56 is divided by 26?
4
What is the remainder when 293 is divided by 74?
71
Calculate the remainder when 1347 is divided by 3.
0
What is the remainder when 780 is divided by 87?
84
Calculate the remainder when 15 is divided by 8.
7
What is the remainder when 1083 is divided by 539?
5
What is the remainder when 233 is divided by 18?
17
What is the remainder when 640 is divided by 159?
4
What is the remainder when 1482 is divided by 14?
12
What is the remainder when 828 is divided by 1?
0
What is the remainder when 685 is divided by 36?
1
Calculate the remainder when 7208 is divided by 10.
8
Calculate the remainder when 2333 is divided by 6.
5
Calculate the remainder when 271 is divided by 49.
26
Calculate the remainder when 625 is divided by 187.
64
What is the remainder when 336 is divided by 13?
11
What is the remainder when 3838 is divided by 30?
28
Calculate the remainder when 402 is divided by 17.
11
What is the remainder when 332 is divided by 39?
20
What is the remainder when 2237 is divided by 59?
54
What is the remainder when 1249 is divided by 104?
1
What is the remainder when 2887 is divided by 9?
7
What is the remainder when 18959 is divided by 158?
157
Calculate the remainder when 60 is divided by 21.
18
What is the remainder when 1262 is divided by 23?
20
Calculate the remainder when 846 is divided by 16.
14
Calculate the remainder when 1757 is divided by 29.
17
What is the remainder when 1260 is divided by 55?
50
Calculate the remainder when 139 is divided by 48.
43
What is the remainder when 227 is divided by 214?
13
Calculate the remainder when 158 is divided by 7.
4
Calculate the remainder when 109 is divided by 29.
22
What is the remainder when 254 is divided by 22?
12
Calculate the remainder when 292 is divided by 15.
7
What is the remainder when 71 is divided by 24?
23
What is the remainder when 147 is divided by 52?
43
Calculate the remainder when 524 is divided by 25.
24
What is the remainder when 143 is divided by 13?
0
What is the remainder when 1378 is divided by 20?
18
What is the remainder when 22 is divided by 1?
0
What is the remainder when 335 is divided by 145?
45
Calculate the remainder when 86 is divided by 20.
6
Calculate the remainder when 612 is divided by 58.
32
Calculate the remainder when 230 is divided by 116.
114
Calculate the remainder when 13 is divided by 7.
6
What is the remainder when 1001 is divided by 167?
166
What is the remainder when 3498 is divided by 73?
67
Calculate the remainder when 2443 is divided by 15.
13
What is the remainder when 109 is divided by 22?
21
Calculate the remainder when 314 is divided by 81.
71
Calculate the remainder when 149 is divided by 36.
5
Calculate the remainder when 50 is divided by 12.
2
Calculate the remainder when 2980 is divided by 11.
10
What is the remainder when 190 is divided by 16?
14
What is the remainder when 389 is divided by 124?
17
Calculate the remainder when 10027 is divided by 16.
11
Calculate the remainder when 276 is divided by 72.
60
What is the remainder when 449 is divided by 57?
50
Calculate the remainder when 2793 is divided by 6.
3
Calculate the remainder when 117 is divided by 37.
6
Calculate the remainder when 293 is divided by 151.
142
Calculate the remainder when 115 is divided by 29.
28
What is the remainder when 1565 is divided by 29?
28
What is the remainder when 251 is divided by 12?
11
What is the remainder when 2607 is divided by 15?
12
Calculate the remainder when 259 is divided by 55.
39
What is the remainder when 8656 is divided by 111?
109
Calculate the remainder when 2072 is divided by 76.
20
Calculate the remainder when 99 is divided by 3.
0
What is the remainder when 816 is divided by 162?
6
What is the remainder when 133 is divided by 9?
7
What is the remainder when 570 is divided by 30?
0
What is the remainder when 830 is divided by 169?
154
What is the remainder when 591 is divided by 190?
21
Calculate the remainder when 2279 is divided by 152.
151
Calculate the remainder when 800 is divided by 37.
23
What is the remainder when 6